What is the highest common factor of y and 44?
11
Suppose -20*j = -18*j - 648. Calculate the greatest common divisor of 36 and j.
36
Let a(k) = -k**3 - 8*k**2 - 7*k + 8. Let p be a(-7). Let c be (-2)/5 + 12/5. Calculate the highest common divisor of p and c.
2
Suppose 0 = -l - 8*l + 900. Calculate the greatest common factor of 40 and l.
20
Suppose -8*h + 40 = -3*h. Calculate the highest common factor of 56 and h.
8
Let r(u) = -10*u + 2. Let m be r(-5). Let q(b) = -3*b - 8. Let d be q(-7). What is the greatest common divisor of d and m?
13
Suppose 203 = 4*k + o, k = -0*k - 5*o + 65. What is the greatest common divisor of k and 10?
10
Let b(o) = o - 8. Let k be b(4). Let q be (-11)/k + 4/16. Let j(f) = f**3 + 5*f**2 + 2*f - 2. Let h be j(-4). What is the highest common factor of q and h?
3
Let o be 7 - -2*3/(-6). Let b = 57 + -156. Let w = -69 - b. Calculate the greatest common divisor of w and o.
6
Suppose 0 = -v - 3*h + 9, h - 9 = v - 2*v. Let x be (4/6)/(2/654). Suppose -x = -3*z - 83. What is the highest common divisor of v and z?
9
Suppose -2*h = 2*h - 896. Let b be (-6)/33 + h/22. Calculate the highest common divisor of b and 40.
10
Let z be 51/9 - 6/(-18). Suppose -i + 4*i = 0. Suppose 18 = 5*q - 2*h, i*q - 5*q + 2 = 2*h. Calculate the highest common divisor of z and q.
2
Suppose -s - 4 = -6. Suppose -s*j = j. Suppose -4*r - 28 + 68 = j. What is the greatest common factor of r and 90?
10
Suppose -4*n + 3*n = -108. Let t = -80 - -92. What is the highest common factor of n and t?
12
Suppose 0 = -4*t + 82 + 110. What is the greatest common divisor of t and 16?
16
Let l = 7 + -2. Suppose 3*z - 15 = -6. Suppose z = y, 4*y = v - y. Calculate the greatest common divisor of l and v.
5
Let w(y) = 2*y**2 - 9*y - 16. Let p be w(8). Calculate the greatest common divisor of p and 8.
8
Let y = 24 + -13. What is the highest common divisor of y and 22?
11
Let i = 4 + 0. Let f(l) = -2*l + 4. Let a be f(-4). What is the highest common divisor of a and i?
4
Let w(z) be the third derivative of z**6/120 + z**5/12 - z**4/8 + 5*z**3/6 + 3*z**2. Let a be w(-5). What is the greatest common divisor of 30 and a?
10
Let u = 33 - -4. What is the highest common divisor of 37 and u?
37
Suppose -103 = -2*o - 23. What is the greatest common divisor of o and 30?
10
Suppose 0*g - 2*g + 164 = -2*z, 0 = -3*g + 4*z + 244. Let n = -2 - -14. Calculate the greatest common divisor of g and n.
12
Let o = -3 - -7. Suppose -o*y = y - 10. What is the highest common factor of 8 and y?
2
Let s = -5 + 11. Calculate the greatest common factor of s and 2.
2
Let k(q) = 20*q**2 + 4*q - 3. Let p be k(2). What is the greatest common factor of p and 17?
17
Let b be ((-40)/12)/(4/18). Let d = b + 26. Let m(t) = 9*t**3 + 2*t**2 - 3*t + 3. Let i be m(2). Calculate the greatest common factor of i and d.
11
Let a(g) = 31*g - 12. Let j be a(5). Calculate the highest common divisor of j and 13.
13
Let z = 40 + -25. Calculate the highest common factor of z and 120.
15
Let x be 21/((-4)/10 + 21/15). What is the highest common factor of 3 and x?
3
Suppose -3*j + 312 = -3*y - 96, 2*j = -4*y + 296. Suppose 3*l + l - 16 = 0. Suppose -j = -l*r + 4. What is the highest common divisor of r and 54?
18
Suppose 0 = 3*c - 14 - 43. Suppose -h = 5*l + c, 0 = 2*l + 13 - 3. What is the greatest common divisor of 18 and h?
6
Let d(v) = -v + 10. Let h be d(10). Let z = h + 5. What is the highest common factor of z and 5?
5
Let d = 2 + 22. Calculate the highest common factor of 60 and d.
12
Suppose -37 - 29 = 3*f. Let d = f + 46. What is the greatest common divisor of 216 and d?
24
Let s be (4 - (-34)/(-3))*-3. Let y be -2 + 1 + 0 - -243. Calculate the greatest common divisor of y and s.
22
Let n = 8 + -14. Let o be -26*(0 - (-3)/n). Suppose l - 53 = -d, 3*l + 52 = 2*d - 49. What is the greatest common factor of d and o?
13
Let g(m) = -m**3 + m**2. Let b be g(1). Suppose -5*f - 43 + 188 = b. Let r = 150 - f. What is the greatest common divisor of 11 and r?
11
Let s be (1/3)/(-2 - (-52)/24). What is the greatest common factor of 10 and s?
2
Let c be 1/((-2)/(0 + -2)). Let k be (-3)/6*c*-308. What is the highest common factor of k and 14?
14
Let q = 35 - 16. Suppose 4*a + 346 = 4*b + 102, 2*b - 118 = a. Calculate the highest common divisor of b and q.
19
Let n be 8/(-6)*(-16 + -2). Suppose 0 = 2*r - b + 4*b - 177, 2*b = -2*r + 182. Calculate the greatest common factor of n and r.
24
Let q = 212 - 98. Calculate the greatest common divisor of q and 38.
38
Let h(l) = -4*l - 1. Let k be h(-1). Suppose 4*g - n - 4 = 0, k*n = 5*g - n - 16. Suppose g = b + 3*b - 16. Calculate the greatest common factor of b and 44.
4
Suppose 3*q = -5*z - q - 6, -3*z + 4*q = -22. Let b = -209 - -318. Suppose -3*y = 2*g - 73, 3*g + 2*y = -z*y + b. What is the highest common factor of g and 5?
5
Let k(z) = -z**2 + 2*z + 30. Let q be k(0). Let r be (1 - 21)*(-9)/4. Calculate the greatest common divisor of q and r.
15
Suppose -5*g + 2*z + 54 = 0, 0*z + 4*z - 48 = -3*g. Let i = 10 + 2. What is the highest common divisor of g and i?
12
Let i(w) = 20*w**2 - 14*w. Let a be i(3). Calculate the greatest common divisor of a and 46.
46
Let w(b) = 39*b. Let y be w(1). Let v = -23 + y. Suppose -m - 3*r + 262 = m, 0 = m - 4*r - 120. What is the highest common divisor of v and m?
16
Suppose -s + 95 = 4*s. Let c be ((-364)/35)/((-1)/5). Suppose 236 = 5*o - 2*r + c, -2*o + r = -73. What is the highest common factor of s and o?
19
Let l be 3*(80/6 + -2). Let t = -20 - l. Let q be (t/(-8))/(1/12). What is the highest common factor of q and 9?
9
Let x(a) = a + 13. Let k be x(0). Suppose 5*q = 4*r + 9, 5*q - k = 12. Calculate the greatest common divisor of 20 and r.
4
Let z be (-40)/(-6)*3/2. Let m be -2*(-3)/(-15)*-10. Suppose m*a + 43 = 243. What is the highest common divisor of a and z?
10
Let u = -44 - -59. What is the highest common factor of 3 and u?
3
Let c(n) = -5*n + 4*n + 4 + 2. Let g be c(-4). What is the highest common factor of g and 10?
10
Let t(n) = 6*n - 14. Let g be t(5). What is the greatest common factor of 8 and g?
8
Let s(y) = -y**3 + 7*y**2 - 4*y + 2. Let j be s(4). Calculate the greatest common factor of j and 51.
17
Let p be 1*40 - 0/6. Suppose -12 + p = 4*l. Let h be 2/l - 5088/(-28). Calculate the greatest common divisor of h and 26.
26
Let p(s) = s**2 + 7*s - 26. Let k be p(-12). What is the greatest common divisor of k and 85?
17
Let y be 48/(((-4)/2)/(-2)). Calculate the greatest common factor of 6 and y.
6
Suppose -4*f - q = -114, 0 = 3*f + 3*q - 51 - 30. Suppose 3*t = -4*b + 79 - 17, 3*b - f = -t. What is the highest common factor of t and 21?
7
Let x = -50 - -66. What is the highest common factor of x and 160?
16
Suppose -4*d + 60 = -24. Let y = 33 - d. Calculate the greatest common factor of 12 and y.
12
Let i = 91 + -14. Calculate the highest common factor of i and 7.
7
Let j = 86 - 59. Let f be j/(-63) + 188/14. What is the highest common divisor of f and 65?
13
Suppose 12 + 3 = 5*s. Let h(y) = y**3. Let i be h(s). Suppose 0 = -0*z + 2*z - 18. Calculate the greatest common factor of i and z.
9
Let c(j) = 51*j + 3. Let h be c(7). Suppose 4*v + h = -v. Let k = -4 - v. What is the highest common divisor of 17 and k?
17
Let a be (-2)/(-7) + 208/56 + 35. Calculate the greatest common divisor of a and 52.
13
Suppose 0 = -5*h - 2*t + 57, 0*t + 2*t = 4*h - 42. What is the greatest common factor of 1 and h?
1
Suppose 2*w = 0, 5*n - w - 38 - 87 = 0. Let f(m) = -4*m - 5. Let l be f(-4). Let u = l - 1. Calculate the greatest common factor of u and n.
5
Let v(h) be the third derivative of -5*h**4/24 + h**3/6 + h**2. Let x be v(-1). Let s be 6/5*20/x. Calculate the highest common divisor of 6 and s.
2
Suppose 0 = 2*z - 2*y - 12, 0 = -z + 4*y + 15. Suppose -z*o - o + 48 = 4*b, -5*b + 8 = o. Let x = -6 + o. Calculate the highest common divisor of 7 and x.
7
Let i be ((-3)/9)/(3/(-108)). Calculate the greatest common divisor of i and 18.
6
Suppose -57 + 12 = -9*v. Calculate the greatest common factor of v and 25.
5
Let p = 5 + -2. Suppose 40 = p*a - 5*z + 12, 5*a = -4*z + 22. Calculate the greatest common divisor of a and 6.
6
Let n(i) = -i. Let x be n(10). Let c be -2 - (0 - (-19 - -1)). Let t = x - c. What is the greatest common divisor of 50 